{"id":492,"date":"2014-09-18T14:52:54","date_gmt":"2014-09-18T13:52:54","guid":{"rendered":"https:\/\/remuernotremerde.poivron.org\/?page_id=492"},"modified":"2020-09-21T14:55:49","modified_gmt":"2020-09-21T13:55:49","slug":"les-amies","status":"publish","type":"page","link":"https:\/\/remuernotremerde.poivron.org\/?page_id=492","title":{"rendered":"Les ami.e.x.s"},"content":{"rendered":"<p><a href=\"https:\/\/www.binge.audio\/category\/les-couilles-sur-la-table\/\">Les couilles sur la table<\/a>, un podcast qui parle en profondeur d\u2019un aspect des masculinit\u00e9s contemporaines avec un\u00b7e invit\u00e9\u00b7e. Parce qu\u2019on ne na\u00eet pas homme, on le devient.<\/p>\n<p style=\"text-align: justify;\"><a href=\"https:\/\/infokiosques.net\/genres\">Infokiosques.net<\/a>, Brochures subversives \u00e0 lire, imprimer, propager (Un grande partie de nos textes viennent de l\u00e0&#8230;!)<\/p>\n<p><a href=\"http:\/\/www.radiorageuses.net\/\/\">Radiorageuses<\/a>, Une n\u00e9buleuse d&rsquo;\u00e9missions de f\u00e9ministes de meufs, de gouines, de trans et de femmes<\/p>\n<p><a href=\"http:\/\/projetcrocodiles.tumblr.com\/\">Projet crocodile<\/a>, Histoires de harc\u00e8lement et de sexisme ordinaire mises en bandes dessin\u00e9es<\/p>\n<p><a href=\"http:\/\/qzap.org\/\">Queer zine archive projet<\/a>, DIY publishing and underground queer communities<\/p>\n<p><a href=\"http:\/\/zinelibrary.info\/search\/node\">Zine library<\/a><\/p>\n<p><a href=\"http:\/\/gendertrouble.org\/\">gEndER tRoublE<\/a><\/p>\n<p><a href=\"http:\/\/lagitation.free.fr\/\">L&rsquo;agitation dans la boite \u00e0 outils<\/a>, bandes dessin\u00e9es et textes f\u00e9ministes<\/p>\n","protected":false},"excerpt":{"rendered":"<p>Les couilles sur la table, un podcast qui parle en profondeur d\u2019un aspect des masculinit\u00e9s contemporaines avec un\u00b7e invit\u00e9\u00b7e. Parce qu\u2019on ne na\u00eet pas homme, on le devient. Infokiosques.net, Brochures subversives \u00e0 lire, imprimer, propager (Un grande partie de nos &hellip; <a href=\"https:\/\/remuernotremerde.poivron.org\/?page_id=492\">Continue reading <span class=\"meta-nav\">&rarr;<\/span><\/a><\/p>\n","protected":false},"author":1,"featured_media":0,"parent":0,"menu_order":0,"comment_status":"closed","ping_status":"closed","template":"","meta":{"footnotes":""},"class_list":["post-492","page","type-page","status-publish","hentry"],"_links":{"self":[{"href":"https:\/\/remuernotremerde.poivron.org\/index.php?rest_route=\/wp\/v2\/pages\/492","targetHints":{"allow":["GET"]}}],"collection":[{"href":"https:\/\/remuernotremerde.poivron.org\/index.php?rest_route=\/wp\/v2\/pages"}],"about":[{"href":"https:\/\/remuernotremerde.poivron.org\/index.php?rest_route=\/wp\/v2\/types\/page"}],"author":[{"embeddable":true,"href":"https:\/\/remuernotremerde.poivron.org\/index.php?rest_route=\/wp\/v2\/users\/1"}],"replies":[{"embeddable":true,"href":"https:\/\/remuernotremerde.poivron.org\/index.php?rest_route=%2Fwp%2Fv2%2Fcomments&post=492"}],"version-history":[{"count":11,"href":"https:\/\/remuernotremerde.poivron.org\/index.php?rest_route=\/wp\/v2\/pages\/492\/revisions"}],"predecessor-version":[{"id":2969,"href":"https:\/\/remuernotremerde.poivron.org\/index.php?rest_route=\/wp\/v2\/pages\/492\/revisions\/2969"}],"wp:attachment":[{"href":"https:\/\/remuernotremerde.poivron.org\/index.php?rest_route=%2Fwp%2Fv2%2Fmedia&parent=492"}],"curies":[{"name":"wp","href":"https:\/\/api.w.org\/{rel}","templated":true}]}}