{"id":1003,"date":"2015-03-19T17:35:43","date_gmt":"2015-03-19T16:35:43","guid":{"rendered":"https:\/\/remuernotremerde.poivron.org\/?page_id=1003"},"modified":"2020-09-29T19:17:01","modified_gmt":"2020-09-29T18:17:01","slug":"des-bouquins-a-lire-aussi","status":"publish","type":"page","link":"https:\/\/remuernotremerde.poivron.org\/?page_id=1003","title":{"rendered":"Des bouquins \u00e0 lire aussi"},"content":{"rendered":"<p><strong><a href=\"https:\/\/remuernotremerde.poivron.org\/uploads\/2020\/09\/motsetmaux.jpeg\"><img loading=\"lazy\" decoding=\"async\" class=\"alignleft wp-image-3053 size-full\" src=\"https:\/\/remuernotremerde.poivron.org\/uploads\/2020\/09\/motsetmaux-e1601316057560.jpeg\" alt=\"\" width=\"150\" height=\"221\" \/><\/a>Mots et maux d&rsquo;une d\u00e9cennie 2010-2020<\/strong><\/p>\n<p>Collectif Les mots sont importants<\/p>\n<p>Cambourakis; 2020<\/p>\n<p>&nbsp;<\/p>\n<p>&nbsp;<\/p>\n<p><strong><a href=\"https:\/\/remuernotremerde.poivron.org\/uploads\/2020\/09\/sexisme-affaire-homme.png\"><img loading=\"lazy\" decoding=\"async\" class=\"alignleft wp-image-3050 size-full\" src=\"https:\/\/remuernotremerde.poivron.org\/uploads\/2020\/09\/sexisme-affaire-homme-e1601315798632.png\" alt=\"\" width=\"150\" height=\"220\" \/><\/a>Le sexisme une affaire d&rsquo;homme<\/strong><\/p>\n<p>Val\u00e9rie Rey-Robert<\/p>\n<p>Libertalia; 2020<\/p>\n<p>&nbsp;<\/p>\n<p>&nbsp;<\/p>\n<p><strong><a href=\"https:\/\/remuernotremerde.poivron.org\/uploads\/2020\/09\/manifeste-femme-trans.gif\"><img loading=\"lazy\" decoding=\"async\" class=\"alignleft wp-image-3056 size-full\" src=\"https:\/\/remuernotremerde.poivron.org\/uploads\/2020\/09\/manifeste-femme-trans-e1601316387447.gif\" alt=\"\" width=\"150\" height=\"220\" \/><\/a>Manifeste d&rsquo;une femme trans <\/strong>et autres textes<\/p>\n<p>Julia Serano<\/p>\n<p>Cambourakis; 2020<\/p>\n<p>&nbsp;<\/p>\n<p>&nbsp;<\/p>\n<p><strong><a href=\"https:\/\/remuernotremerde.poivron.org\/uploads\/2020\/09\/couilles.jpg\"><img loading=\"lazy\" decoding=\"async\" class=\"alignleft wp-image-3051 size-full\" src=\"https:\/\/remuernotremerde.poivron.org\/uploads\/2020\/09\/couilles-e1601315927419.jpg\" alt=\"\" width=\"150\" height=\"199\" \/><\/a>Les couilles sur la table<\/strong><\/p>\n<p>Victoire Tuaillon<\/p>\n<p>Binge audio; 2019<\/p>\n<p>&nbsp;<\/p>\n<p>&nbsp;<br \/>\n<strong><a href=\"https:\/\/remuernotremerde.poivron.org\/uploads\/2020\/09\/culture-viol.gif\"><img loading=\"lazy\" decoding=\"async\" class=\"alignleft wp-image-3045 size-full\" src=\"https:\/\/remuernotremerde.poivron.org\/uploads\/2020\/09\/culture-viol-e1601315531189.gif\" alt=\"\" width=\"150\" height=\"220\" \/><\/a>Une culture du viol \u00e0 la fran\u00e7aise<\/strong><\/p>\n<p>Val\u00e9rie Rey-Robert<\/p>\n<p>Libertalia; 2019<\/p>\n<p>&nbsp;<\/p>\n<p>&nbsp;<\/p>\n<p><a href=\"https:\/\/remuernotremerde.poivron.org\/uploads\/2020\/09\/1362742_f.gif\"><img loading=\"lazy\" decoding=\"async\" class=\"alignleft wp-image-3043 size-full\" src=\"https:\/\/remuernotremerde.poivron.org\/uploads\/2020\/09\/1362742_f-e1601315366430.gif\" alt=\"\" width=\"150\" height=\"229\" \/><\/a><strong>Un f\u00e9minisme d\u00e9colonial<\/strong><\/p>\n<p>Fran\u00e7oise Verg\u00e8s<\/p>\n<p>La fabrique; 2019<\/p>\n<p>&nbsp;<\/p>\n<p>&nbsp;<\/p>\n<p><strong><a href=\"https:\/\/remuernotremerde.poivron.org\/uploads\/2020\/09\/soumise-1.jpg\"><img loading=\"lazy\" decoding=\"async\" class=\"alignleft wp-image-3048 size-full\" src=\"https:\/\/remuernotremerde.poivron.org\/uploads\/2020\/09\/soumise-1-e1601315690789.jpg\" alt=\"\" width=\"150\" height=\"233\" \/><\/a>On ne na\u00eet pas soumise, on le devient<\/strong><\/p>\n<p>Manon Garcia<\/p>\n<p>Climats; 2018<\/p>\n<p>&nbsp;<\/p>\n<p>&nbsp;<br \/>\n&nbsp;<br \/>\n<strong><a href=\"https:\/\/remuernotremerde.poivron.org\/uploads\/2020\/09\/sedefendre.gif\"><img loading=\"lazy\" decoding=\"async\" class=\"alignleft wp-image-3042 size-full\" src=\"https:\/\/remuernotremerde.poivron.org\/uploads\/2020\/09\/sedefendre-e1601315140733.gif\" alt=\"\" width=\"150\" height=\"221\" \/><\/a>Se d\u00e9fendre<\/strong> une philosophie de la violence<\/p>\n<p>Elsa Dorlin<\/p>\n<p>Zones; 2017<\/p>\n<p>&nbsp;<\/p>\n<p>&nbsp;<\/p>\n<p><strong><a href=\"https:\/\/remuernotremerde.poivron.org\/uploads\/2020\/09\/Commando-culotte.jpg\"><img loading=\"lazy\" decoding=\"async\" class=\"alignleft wp-image-3037 size-full\" src=\"https:\/\/remuernotremerde.poivron.org\/uploads\/2020\/09\/Commando-culotte-e1601314519744.jpg\" alt=\"\" width=\"150\" height=\"150\" \/><\/a>Commando Culotte<\/strong><\/p>\n<p>Mirion Malle<\/p>\n<p>Ankama; 2016<\/p>\n<p>&nbsp;<br \/>\n<strong><a href=\"https:\/\/remuernotremerde.poivron.org\/uploads\/2020\/09\/masculinites.jpg\"><img loading=\"lazy\" decoding=\"async\" class=\"alignleft wp-image-3002 size-full\" src=\"https:\/\/remuernotremerde.poivron.org\/uploads\/2020\/09\/masculinites-e1601309931384.jpg\" alt=\"\" width=\"150\" height=\"225\" \/><\/a>Masculinit\u00e9s <\/strong>Enjeux sociaux de l&rsquo;h\u00e9g\u00e9monie<\/p>\n<p>Raewynn Connell<\/p>\n<p>Editions Amsterdam, 2014<\/p>\n<p>&nbsp;<\/p>\n<p>&nbsp;<\/p>\n<p><strong><a href=\"https:\/\/remuernotremerde.poivron.org\/uploads\/2020\/09\/lutteputes.jpg\"><img loading=\"lazy\" decoding=\"async\" class=\"alignleft wp-image-3036 size-full\" src=\"https:\/\/remuernotremerde.poivron.org\/uploads\/2020\/09\/lutteputes-e1601314420738.jpg\" alt=\"\" width=\"150\" height=\"233\" \/><\/a>Les lutte des putes<\/strong><\/p>\n<p>Thierry Schaffauser<\/p>\n<p>La fabrique; 2014<\/p>\n<p>&nbsp;<\/p>\n<p>&nbsp;<\/p>\n<p><strong><a href=\"https:\/\/remuernotremerde.poivron.org\/uploads\/2020\/09\/caliban.jpg\"><img loading=\"lazy\" decoding=\"async\" class=\"alignleft wp-image-3034 size-full\" src=\"https:\/\/remuernotremerde.poivron.org\/uploads\/2020\/09\/caliban-e1601314197173.jpg\" alt=\"\" width=\"150\" height=\"229\" \/><\/a>Caliban et la sorci\u00e8re<\/strong><\/p>\n<p>Silvia Federici<\/p>\n<p>Entremonde; 2014<\/p>\n<p>&nbsp;<\/p>\n<p>&nbsp;<\/p>\n<p><strong><a href=\"https:\/\/remuernotremerde.poivron.org\/uploads\/2020\/09\/croco.jpg\"><img loading=\"lazy\" decoding=\"async\" class=\"alignleft wp-image-3035 size-full\" src=\"https:\/\/remuernotremerde.poivron.org\/uploads\/2020\/09\/croco-e1601314275644.jpg\" alt=\"\" width=\"150\" height=\"199\" \/><\/a>Projet crocodiles<\/strong><\/p>\n<p>Thomas Mathieu<\/p>\n<p>Lombard; 2014<\/p>\n<p>&nbsp;<\/p>\n<p>&nbsp;<\/p>\n<p style=\"text-align: justify;\"><a href=\"https:\/\/remuernotremerde.poivron.org\/uploads\/2015\/03\/9782954323718.jpg\"><img loading=\"lazy\" decoding=\"async\" class=\"alignleft wp-image-1004\" src=\"https:\/\/remuernotremerde.poivron.org\/uploads\/2015\/03\/9782954323718.jpg\" alt=\"9782954323718\" width=\"150\" height=\"219\" \/><\/a><strong>Contre le masculinisme &#8211; guide d&rsquo;auto-defense intellectuelle<\/strong><\/p>\n<p style=\"text-align: justify;\">Collectif Stop Masculinisme<\/p>\n<p style=\"text-align: justify;\">\u00e9ditions Bambule, 2013<\/p>\n<p>&nbsp;<\/p>\n<p>&nbsp;<\/p>\n<p style=\"text-align: justify;\"><a href=\"https:\/\/remuernotremerde.poivron.org\/uploads\/2015\/03\/refuser.jpg\"><img loading=\"lazy\" decoding=\"async\" class=\"alignleft wp-image-1005\" src=\"https:\/\/remuernotremerde.poivron.org\/uploads\/2015\/03\/refuser-218x300.jpg\" alt=\"refuser\" width=\"150\" height=\"206\" srcset=\"https:\/\/remuernotremerde.poivron.org\/uploads\/2015\/03\/refuser-218x300.jpg 218w, https:\/\/remuernotremerde.poivron.org\/uploads\/2015\/03\/refuser.jpg 444w\" sizes=\"auto, (max-width: 150px) 100vw, 150px\" \/><\/a><strong>Refuser d&rsquo;\u00eatre un homme : Pour en finir avec la virilit\u00e9<\/strong><\/p>\n<p style=\"text-align: justify;\">John Stoltenberg<\/p>\n<p style=\"text-align: justify;\">Editions Syllepse, 2013<\/p>\n<p>&nbsp;<\/p>\n<p>&nbsp;<br \/>\n<strong><a href=\"https:\/\/remuernotremerde.poivron.org\/uploads\/2015\/03\/rupture-anarchiste.jpg\"><img loading=\"lazy\" decoding=\"async\" class=\"alignleft wp-image-1140\" src=\"https:\/\/remuernotremerde.poivron.org\/uploads\/2015\/03\/rupture-anarchiste.jpg\" alt=\"rupture anarchiste\" width=\"150\" height=\"219\" \/><\/a>Rupture anarchiste et trahison pro-f\u00e9ministe<\/strong><\/p>\n<p>L\u00e9o Thiers-Vidal<\/p>\n<p>Editions Bambule, 2013<\/p>\n<p>&nbsp;<\/p>\n<p>&nbsp;<\/p>\n<p><strong><a href=\"https:\/\/remuernotremerde.poivron.org\/uploads\/2020\/09\/Vers_la_plus_queer_des_insurrections.jpg\"><img loading=\"lazy\" decoding=\"async\" class=\"alignleft wp-image-3033 size-full\" src=\"https:\/\/remuernotremerde.poivron.org\/uploads\/2020\/09\/Vers_la_plus_queer_des_insurrections-e1601314102286.jpg\" alt=\"\" width=\"150\" height=\"220\" \/><\/a>Vers la plus queer des insurrections<\/strong><\/p>\n<p>Fray Baroque et Tegan Eanelli<\/p>\n<p>Libertalia; 2012<\/p>\n<p>&nbsp;<\/p>\n<p>&nbsp;<\/p>\n<p><strong><a href=\"https:\/\/remuernotremerde.poivron.org\/uploads\/2015\/03\/histoire-virilite.jpg\"><img loading=\"lazy\" decoding=\"async\" class=\"alignleft wp-image-1145\" src=\"https:\/\/remuernotremerde.poivron.org\/uploads\/2015\/03\/histoire-virilite-223x300.jpg\" alt=\"histoire virilite\" width=\"150\" height=\"202\" srcset=\"https:\/\/remuernotremerde.poivron.org\/uploads\/2015\/03\/histoire-virilite-223x300.jpg 223w, https:\/\/remuernotremerde.poivron.org\/uploads\/2015\/03\/histoire-virilite.jpg 399w\" sizes=\"auto, (max-width: 150px) 100vw, 150px\" \/><\/a>Histoire de la virilit\u00e9<\/strong><\/p>\n<p><em>Tome 1:<\/em> l&rsquo;invention de la virilit\u00e9. De l&rsquo;Antiquit\u00e9 aux Lumi\u00e8res<br \/>\n<em>Tome 2:<\/em> le triomphe de la virilit\u00e9. Le XIXe si\u00e8cle<br \/>\n<em>Tome 3:<\/em> la virilit\u00e9 en crise ? XXe-XXIe si\u00e8cle<\/p>\n<p>Sous la direction de Jean-Jacques Courtine<br \/>\nEditions Points, 2011<\/p>\n<p><strong><a href=\"https:\/\/remuernotremerde.poivron.org\/uploads\/2014\/09\/de_l_ennemi_principal.jpg\"><img loading=\"lazy\" decoding=\"async\" class=\"alignleft wp-image-582\" src=\"https:\/\/remuernotremerde.poivron.org\/uploads\/2014\/09\/de_l_ennemi_principal-195x300.jpg\" alt=\"de_l_ennemi_principal\" width=\"150\" height=\"230\" srcset=\"https:\/\/remuernotremerde.poivron.org\/uploads\/2014\/09\/de_l_ennemi_principal-195x300.jpg 195w, https:\/\/remuernotremerde.poivron.org\/uploads\/2014\/09\/de_l_ennemi_principal.jpg 200w\" sizes=\"auto, (max-width: 150px) 100vw, 150px\" \/><\/a>De &laquo;&nbsp;l&rsquo;ennemi principal&nbsp;&raquo; aux principaux ennemis: Position v\u00e9cue, subjectivit\u00e9 et conscience masculines de domination<\/strong><\/p>\n<p>L\u00e9o Thiers-Vidal<\/p>\n<p>Editions L&rsquo;Harmattan, 2010<\/p>\n<p>&nbsp;<\/p>\n<p>&nbsp;<\/p>\n<p><strong><a href=\"https:\/\/remuernotremerde.poivron.org\/uploads\/2015\/03\/men-and-feminism.jpg\"><img loading=\"lazy\" decoding=\"async\" class=\"alignleft wp-image-1155\" src=\"https:\/\/remuernotremerde.poivron.org\/uploads\/2015\/03\/men-and-feminism-201x300.jpg\" alt=\"men and feminism\" width=\"150\" height=\"224\" srcset=\"https:\/\/remuernotremerde.poivron.org\/uploads\/2015\/03\/men-and-feminism-201x300.jpg 201w, https:\/\/remuernotremerde.poivron.org\/uploads\/2015\/03\/men-and-feminism.jpg 232w\" sizes=\"auto, (max-width: 150px) 100vw, 150px\" \/><\/a><\/strong><strong>Men and Feminism<\/strong><\/p>\n<p>Shira Tarrant<\/p>\n<p>Editions Seal Press, 2009<\/p>\n<p>&nbsp;<\/p>\n<p>&nbsp;<\/p>\n<p><strong><a href=\"https:\/\/remuernotremerde.poivron.org\/uploads\/2020\/09\/philosophie.jpg\"><img loading=\"lazy\" decoding=\"async\" class=\"alignleft size-thumbnail wp-image-3032\" src=\"https:\/\/remuernotremerde.poivron.org\/uploads\/2020\/09\/philosophie-150x150.jpg\" alt=\"\" width=\"150\" height=\"150\" \/><\/a>La philosophie &#8230;la o\u00f9 on ne l\u2019attend pas<\/strong><\/p>\n<p>Rosi Braidotti<\/p>\n<p>Larousse; 2009<\/p>\n<p>&nbsp;<\/p>\n<p><strong><a href=\"https:\/\/remuernotremerde.poivron.org\/uploads\/2020\/09\/bleck-feminism.jpg\"><img loading=\"lazy\" decoding=\"async\" class=\"alignleft wp-image-3030 size-full\" src=\"https:\/\/remuernotremerde.poivron.org\/uploads\/2020\/09\/bleck-feminism-e1601313930817.jpg\" alt=\"\" width=\"150\" height=\"239\" \/><\/a>Black Feminism. Anthologie du f\u00e9minisme africain-am\u00e9ricain, 1975-2000.<\/strong><\/p>\n<p>Elsa Dorlin<\/p>\n<p>L&rsquo;Harmattan; 2008<\/p>\n<p>&nbsp;<\/p>\n<p>&nbsp;<\/p>\n<p>&nbsp;<br \/>\n<strong><a href=\"https:\/\/remuernotremerde.poivron.org\/uploads\/2020\/09\/sexe-dorlin.gif\"><img loading=\"lazy\" decoding=\"async\" class=\"alignleft wp-image-3029 size-full\" src=\"https:\/\/remuernotremerde.poivron.org\/uploads\/2020\/09\/sexe-dorlin-e1601313846835.gif\" alt=\"\" width=\"150\" height=\"229\" \/><\/a>Sexe, genre et sexualit\u00e9s : introduction \u00e0 la th\u00e9orie f\u00e9ministe<\/strong><\/p>\n<p>Elsa Dorlin<\/p>\n<p>PUF; 2008<\/p>\n<p>&nbsp;<\/p>\n<p>&nbsp;<\/p>\n<p>&nbsp;<br \/>\n<strong><a href=\"https:\/\/remuernotremerde.poivron.org\/uploads\/2020\/09\/whipping.jpg\"><img loading=\"lazy\" decoding=\"async\" class=\"alignleft wp-image-3054 size-full\" src=\"https:\/\/remuernotremerde.poivron.org\/uploads\/2020\/09\/whipping-e1601316233773.jpg\" alt=\"\" width=\"150\" height=\"224\" \/><\/a>Whipping girl<\/strong><br \/>\nA transsexual woman on sexism ans the scapegoating of femininity<\/p>\n<p>Julia Serano<\/p>\n<p>Sealpress; 2007<\/p>\n<p>&nbsp;<\/p>\n<p>&nbsp;<br \/>\n<strong><a href=\"https:\/\/remuernotremerde.poivron.org\/uploads\/2020\/09\/queerzones.jpg\"><img loading=\"lazy\" decoding=\"async\" class=\"alignleft wp-image-3024 size-full\" src=\"https:\/\/remuernotremerde.poivron.org\/uploads\/2020\/09\/queerzones-e1601313524753.jpg\" alt=\"\" width=\"150\" height=\"234\" \/><\/a><\/strong><strong>Queer Zones<\/strong><\/p>\n<p>M-H Bourcier<\/p>\n<p>Amsterdam\/Multitudes; 2006<\/p>\n<p>&nbsp;<\/p>\n<p>&nbsp;<\/p>\n<p>&nbsp;<br \/>\n<strong><a href=\"https:\/\/remuernotremerde.poivron.org\/uploads\/2020\/09\/kingkong.jpg\"><img loading=\"lazy\" decoding=\"async\" class=\"alignleft wp-image-3026 size-full\" src=\"https:\/\/remuernotremerde.poivron.org\/uploads\/2020\/09\/kingkong-e1601313629516.jpg\" alt=\"\" width=\"150\" height=\"243\" \/><\/a>King Kong theorie<\/strong><\/p>\n<p>Virginie Despentes &#8211; 2006<\/p>\n<p>&nbsp;<\/p>\n<p>&nbsp;<\/p>\n<p>&nbsp;<\/p>\n<p>&nbsp;<br \/>\n<strong><a href=\"https:\/\/remuernotremerde.poivron.org\/uploads\/2020\/09\/silence.jpg\"><img loading=\"lazy\" decoding=\"async\" class=\"alignleft wp-image-3027 size-full\" src=\"https:\/\/remuernotremerde.poivron.org\/uploads\/2020\/09\/silence-e1601313738448.jpg\" alt=\"\" width=\"150\" height=\"251\" \/><\/a>Un silence de mortes<\/strong><br \/>\nPatrizia Romito &#8211; 2006<\/p>\n<p>&nbsp;<\/p>\n<p>&nbsp;<\/p>\n<p>&nbsp;<\/p>\n<p>&nbsp;<\/p>\n<p><strong><a href=\"https:\/\/remuernotremerde.poivron.org\/uploads\/2020\/09\/arnaque.jpg\"><img loading=\"lazy\" decoding=\"async\" class=\"alignleft wp-image-3022 size-full\" src=\"https:\/\/remuernotremerde.poivron.org\/uploads\/2020\/09\/arnaque-e1601313276233.jpg\" alt=\"\" width=\"150\" height=\"239\" \/><\/a>La grande arnaque. sexualit\u00e9 des femmes et \u00e9change \u00e9conomico-sexuel<\/strong><\/p>\n<p>Paola Tabet &#8211; 2005<\/p>\n<p>&nbsp;<\/p>\n<p>&nbsp;<\/p>\n<p>&nbsp;<\/p>\n<p>&nbsp;<\/p>\n<p><strong><a href=\"https:\/\/remuernotremerde.poivron.org\/uploads\/2020\/09\/cartographie.jpg\"><img loading=\"lazy\" decoding=\"async\" class=\"alignleft wp-image-3023 size-full\" src=\"https:\/\/remuernotremerde.poivron.org\/uploads\/2020\/09\/cartographie-e1601313425730.jpg\" alt=\"\" width=\"150\" height=\"249\" \/><\/a>Cartographies des marges : intersectionnalit\u00e9, politique de l&rsquo;identit\u00e9 et violences contre les femmes de couleur<\/strong><\/p>\n<p>Kinberley Crenshaw &#8211; 2005<\/p>\n<p>&nbsp;<\/p>\n<p>&nbsp;<\/p>\n<p>&nbsp;<\/p>\n<p><strong><a href=\"https:\/\/remuernotremerde.poivron.org\/uploads\/2020\/09\/decolonial.jpg\"><img loading=\"lazy\" decoding=\"async\" class=\"alignleft wp-image-3021 size-full\" src=\"https:\/\/remuernotremerde.poivron.org\/uploads\/2020\/09\/decolonial-e1601313139335.jpg\" alt=\"\" width=\"150\" height=\"256\" \/><\/a><\/strong><strong>Sous les yeux de l&rsquo;occident: recherches f\u00e9ministes et discours coloniaux<\/strong><\/p>\n<p>Shandra Tallpade Mohanty &#8211; 2003<\/p>\n<p>&nbsp;<\/p>\n<p>&nbsp;<\/p>\n<p>&nbsp;<\/p>\n<p>&nbsp;<\/p>\n<p><strong><a href=\"https:\/\/remuernotremerde.poivron.org\/uploads\/2020\/09\/feminism-everybody.jpg\"><img loading=\"lazy\" decoding=\"async\" class=\"alignleft wp-image-3020 size-full\" src=\"https:\/\/remuernotremerde.poivron.org\/uploads\/2020\/09\/feminism-everybody-e1601312754498.jpg\" alt=\"\" width=\"150\" height=\"232\" \/><\/a>Feminism is for everybody<\/strong><\/p>\n<p>Bell Hooks &#8211; 2000<\/p>\n<p>&nbsp;<\/p>\n<p>&nbsp;<\/p>\n<p>&nbsp;<\/p>\n<p>&nbsp;<br \/>\n<a href=\"https:\/\/remuernotremerde.poivron.org\/uploads\/2015\/03\/men-doing-feminism.jpg\"><img loading=\"lazy\" decoding=\"async\" class=\"alignleft wp-image-1157\" src=\"https:\/\/remuernotremerde.poivron.org\/uploads\/2015\/03\/men-doing-feminism.jpg\" alt=\"men doing feminism\" width=\"150\" height=\"225\" \/><\/a><strong>Men Doing Feminism<\/strong><\/p>\n<p>Sous la direction de Tom Digby<\/p>\n<p>Editions Routledge, 1998<\/p>\n<p>&nbsp;<\/p>\n<p>&nbsp;<\/p>\n<p><strong><a href=\"https:\/\/remuernotremerde.poivron.org\/uploads\/2015\/03\/495843_f.gif\"><img loading=\"lazy\" decoding=\"async\" class=\"alignleft wp-image-1030\" src=\"https:\/\/remuernotremerde.poivron.org\/uploads\/2015\/03\/495843_f-198x300.gif\" alt=\"495843_f\" width=\"150\" height=\"227\" \/><\/a>Peut-on \u00eatre un homme sans faire le m\u00e2le?<\/strong><\/p>\n<p>John Stoltenberg<\/p>\n<p>Les Editions de l&rsquo;Homme, 1998<\/p>\n<p>&nbsp;<\/p>\n<p>&nbsp;<\/p>\n<p><strong><a href=\"https:\/\/remuernotremerde.poivron.org\/uploads\/2015\/03\/masculinities.jpg\"><img loading=\"lazy\" decoding=\"async\" class=\"alignleft wp-image-1149\" src=\"https:\/\/remuernotremerde.poivron.org\/uploads\/2015\/03\/masculinities.jpg\" alt=\"masculinities\" width=\"150\" height=\"228\" \/><\/a>Masculinities<\/strong><\/p>\n<p>R. W. Connell<\/p>\n<p>Editions University of California Press, 1995<\/p>\n<p>&nbsp;<\/p>\n<p>&nbsp;<\/p>\n<p><strong><a href=\"https:\/\/remuernotremerde.poivron.org\/uploads\/2015\/03\/51Ic-OoNBML._SL256_.jpg\"><img loading=\"lazy\" decoding=\"async\" class=\"alignleft wp-image-1034\" src=\"https:\/\/remuernotremerde.poivron.org\/uploads\/2015\/03\/51Ic-OoNBML._SL256_.jpg\" alt=\"51Ic+OoNBML._SL256_\" width=\"150\" height=\"226\" \/><\/a>The End of Manhood: A Book for Men of Conscience<\/strong><\/p>\n<p>John Stoltenberg<\/p>\n<p>Editions Replica Books, 1994<\/p>\n<p>&nbsp;<\/p>\n<p>&nbsp;<\/p>\n<p style=\"text-align: justify;\"><a href=\"https:\/\/remuernotremerde.poivron.org\/uploads\/2015\/03\/9781841420417.jpg\"><img loading=\"lazy\" decoding=\"async\" class=\"alignleft wp-image-1021\" src=\"https:\/\/remuernotremerde.poivron.org\/uploads\/2015\/03\/9781841420417-213x300.jpg\" alt=\"9781841420417\" width=\"150\" height=\"211\" \/><\/a><strong>Refusing to be a Man: Essays on Social Justice<\/strong><\/p>\n<p style=\"text-align: justify;\">John Stoltenberg<\/p>\n<p style=\"text-align: justify;\">Editions Routledge, 1989<\/p>\n<p>&nbsp;<\/p>\n<p>&nbsp;<\/p>\n<p style=\"text-align: justify;\"><strong><a href=\"https:\/\/remuernotremerde.poivron.org\/uploads\/2015\/03\/men-in-feminism.jpg\"><img loading=\"lazy\" decoding=\"async\" class=\"alignleft wp-image-1159\" src=\"https:\/\/remuernotremerde.poivron.org\/uploads\/2015\/03\/men-in-feminism.jpg\" alt=\"men in feminism\" width=\"150\" height=\"230\" \/><\/a>Men in Feminism<\/strong><\/p>\n<p style=\"text-align: justify;\">Alice Jardine et Paul Smith<\/p>\n<p style=\"text-align: justify;\">Editions Routledge, 1987<\/p>\n","protected":false},"excerpt":{"rendered":"<p>Mots et maux d&rsquo;une d\u00e9cennie 2010-2020 Collectif Les mots sont importants Cambourakis; 2020 &nbsp; &nbsp; Le sexisme une affaire d&rsquo;homme Val\u00e9rie Rey-Robert Libertalia; 2020 &nbsp; &nbsp; Manifeste d&rsquo;une femme trans et autres textes Julia Serano Cambourakis; 2020 &nbsp; &nbsp; Les &hellip; <a href=\"https:\/\/remuernotremerde.poivron.org\/?page_id=1003\">Continue reading <span class=\"meta-nav\">&rarr;<\/span><\/a><\/p>\n","protected":false},"author":1,"featured_media":0,"parent":0,"menu_order":0,"comment_status":"closed","ping_status":"closed","template":"","meta":{"footnotes":""},"class_list":["post-1003","page","type-page","status-publish","hentry"],"_links":{"self":[{"href":"https:\/\/remuernotremerde.poivron.org\/index.php?rest_route=\/wp\/v2\/pages\/1003","targetHints":{"allow":["GET"]}}],"collection":[{"href":"https:\/\/remuernotremerde.poivron.org\/index.php?rest_route=\/wp\/v2\/pages"}],"about":[{"href":"https:\/\/remuernotremerde.poivron.org\/index.php?rest_route=\/wp\/v2\/types\/page"}],"author":[{"embeddable":true,"href":"https:\/\/remuernotremerde.poivron.org\/index.php?rest_route=\/wp\/v2\/users\/1"}],"replies":[{"embeddable":true,"href":"https:\/\/remuernotremerde.poivron.org\/index.php?rest_route=%2Fwp%2Fv2%2Fcomments&post=1003"}],"version-history":[{"count":89,"href":"https:\/\/remuernotremerde.poivron.org\/index.php?rest_route=\/wp\/v2\/pages\/1003\/revisions"}],"predecessor-version":[{"id":3092,"href":"https:\/\/remuernotremerde.poivron.org\/index.php?rest_route=\/wp\/v2\/pages\/1003\/revisions\/3092"}],"wp:attachment":[{"href":"https:\/\/remuernotremerde.poivron.org\/index.php?rest_route=%2Fwp%2Fv2%2Fmedia&parent=1003"}],"curies":[{"name":"wp","href":"https:\/\/api.w.org\/{rel}","templated":true}]}}